{"id":16,"date":"2015-06-03T20:29:02","date_gmt":"2015-06-03T18:29:02","guid":{"rendered":"http:\/\/dev.prana4you.at\/?page_id=16"},"modified":"2015-06-08T19:46:51","modified_gmt":"2015-06-08T17:46:51","slug":"vitalitaet","status":"publish","type":"page","link":"https:\/\/www.prana4you.at\/index.php\/vitalitaet\/","title":{"rendered":"\u5143\u6c23 Vitalit\u00e4t"},"content":{"rendered":"<div class=\"wpb-content-wrapper\">[vc_row parallax=&#8220;&#8220; parallax_image=&#8220;&#8220; inner_container=&#8220;&#8220; no_margin=&#8220;&#8220; padding_top=&#8220;0px&#8220; padding_bottom=&#8220;0px&#8220; border=&#8220;none&#8220; marginless_columns=&#8220;&#8220;][vc_column fade=&#8220;&#8220; fade_animation=&#8220;in&#8220; fade_animation_offset=&#8220;45px&#8220; width=&#8220;2\/3&#8243;]<p>Sie f\u00fchlen sich oft m\u00fcde, antriebslos und schlapp? Sie w\u00fcrden ja gerne mehr unternehmen, schaffen es aber nicht?<br \/>\nLassen Sie sich verw\u00f6hnen und genie\u00dfen Sie eine energetische Behandlung Ihrer Gesundheitsaura!<br \/>\nDie Vitalisierung Ihres Energiefeldes bringt Ihnen strahlendes Aussehen, und f\u00f6rdert Ihr k\u00f6rperliches und seelisches Wohlbefinden.<\/p>\n[\/vc_column][vc_column fade=&#8220;&#8220; fade_animation=&#8220;in&#8220; fade_animation_offset=&#8220;45px&#8220; width=&#8220;1\/3&#8243;]<div id=\"\" class=\"x-alert x-alert-warning x-alert-block\" style=\"\">K\u00f6rper\u00fcbungen<\/div><div id=\"\" class=\"x-alert x-alert-warning x-alert-block\" style=\"\">Superbrain-Yoga<\/div>[\/vc_column][\/vc_row]\n<\/div>","protected":false},"excerpt":{"rendered":"<p>[vc_row parallax=&#8220;&#8220; parallax_image=&#8220;&#8220; inner_container=&#8220;&#8220; no_margin=&#8220;&#8220; padding_top=&#8220;0px&#8220; padding_bottom=&#8220;0px&#8220; border=&#8220;none&#8220; marginless_columns=&#8220;&#8220;][vc_column fade=&#8220;&#8220; fade_animation=&#8220;in&#8220; fade_animation_offset=&#8220;45px&#8220; width=&#8220;2\/3&#8243;][\/vc_column][vc_column fade=&#8220;&#8220; fade_animation=&#8220;in&#8220; fade_animation_offset=&#8220;45px&#8220; width=&#8220;1\/3&#8243;][\/vc_column][\/vc_row]<\/p>\n","protected":false},"author":1,"featured_media":0,"parent":0,"menu_order":0,"comment_status":"closed","ping_status":"closed","template":"template-layout-full-width.php","meta":{"footnotes":""},"class_list":["post-16","page","type-page","status-publish","hentry","no-post-thumbnail"],"_links":{"self":[{"href":"https:\/\/www.prana4you.at\/index.php\/wp-json\/wp\/v2\/pages\/16","targetHints":{"allow":["GET"]}}],"collection":[{"href":"https:\/\/www.prana4you.at\/index.php\/wp-json\/wp\/v2\/pages"}],"about":[{"href":"https:\/\/www.prana4you.at\/index.php\/wp-json\/wp\/v2\/types\/page"}],"author":[{"embeddable":true,"href":"https:\/\/www.prana4you.at\/index.php\/wp-json\/wp\/v2\/users\/1"}],"replies":[{"embeddable":true,"href":"https:\/\/www.prana4you.at\/index.php\/wp-json\/wp\/v2\/comments?post=16"}],"version-history":[{"count":7,"href":"https:\/\/www.prana4you.at\/index.php\/wp-json\/wp\/v2\/pages\/16\/revisions"}],"predecessor-version":[{"id":45,"href":"https:\/\/www.prana4you.at\/index.php\/wp-json\/wp\/v2\/pages\/16\/revisions\/45"}],"wp:attachment":[{"href":"https:\/\/www.prana4you.at\/index.php\/wp-json\/wp\/v2\/media?parent=16"}],"curies":[{"name":"wp","href":"https:\/\/api.w.org\/{rel}","templated":true}]}}